ainder when a is divided by n?
16
Let m be (60/42)/((-4)/(-28)). Suppose m*l - 21 = 19. Suppose 41 - 137 = -l*t. What is the remainder when 70 is divided by t?
22
Let z be -1*(273 - (-5 + -3 + 8)). What is the remainder when 34 is divided by ((z/9)/(-7))/((-4)/(-12))?
8
Suppose -2*m + 29*r = 32*r - 70, -5*m = -r - 158. What is the remainder when 1627 is divided by m?
27
Let k = -3830 + 8229. What is the remainder when k is divided by 163?
161
Let v = -2828 - -3620. Calculate the remainder when v is divided by 179.
76
Let v = -6814 + 7011. What is the remainder when 805 is divided by v?
17
Let u = -15 + 70. Let x(g) = 6*g**2 - 10684*g - 42723. Calculate the remainder when x(-4) is divided by u.
54
Suppose 0 = 3*u + 139 - 175. What is the remainder when 29 is divided by (-18)/u*(44/(-6) + -4)?
12
Let y(v) = -v**2 - 80*v + 993. What is the remainder when 969 is divided by y(-86)?
15
Suppose 2205 = -163*q + 198*q. Calculate the remainder when 87 is divided by q.
24
Suppose -23*t + 409 = 87. Calculate the remainder when 416 is divided by t.
10
Suppose 3*i - 345 = 3*c, 3*i + 123 = 2*c - 3*c. Let v = c - -174. Suppose -z = -2*w - 18, z - w = -3*z + 44. Calculate the remainder when v is divided by z.
7
Let o(q) = q**3 + 23*q**2 + 13*q - 13. What is the remainder when o(-22) is divided by 21?
17
Let l(j) = -329*j - 29. What is the remainder when l(-3) is divided by 137?
136
Calculate the remainder when (-232)/(-145) - 387522/(-30) is divided by 59.
57
Let r(v) = v**3 + 2*v**2 + 66. Let g be -10 - (-1 + (-5 - -4)). What is the remainder when r(0) is divided by (g + 15)/((-2)/(-4))?
10
Suppose -10*k = -6631 - 2329. What is the remainder when 103 is divided by k/40 + (12/20 - 0)?
11
Suppose 0 = 10*r + 4647 + 903. Let h = -531 - r. What is the remainder when h is divided by 17?
7
Let f(o) = 3 - 4 - 10*o + 5 + 24. Let d be f(7). Let n = d - -50. What is the remainder when 31 is divided by n?
7
Suppose 0*u - 7*u = -14. Let z(d) = 3*d**2 - 8*d + 8. Let b = 7 - 1. What is the remainder when b is divided by z(u)?
2
Let w = -390 - -393. Calculate the remainder when 2/(-2 - 4536/(-2262)) + w is divided by 55.
50
Suppose 2*v + 2*i - 6265 = -3*v, -2*v = 3*i - 2517. What is the remainder when v is divided by 209?
206
Let p(o) = -o**3 + 18*o**2 - o + 25. Let r be p(18). Suppose 11*a - r*a - 20 = 0. Suppose -y - 256 = -a*y. What is the remainder when y is divided by 11?
9
Let a(x) = -x**3 + 7*x**2 - 3*x. Calculate the remainder when 7*((26 - 17) + 192/21) is divided by a(3).
19
Suppose -2*f - 292 = -4*f - 5*g, 0 = -f - 3*g + 147. Calculate the remainder when f is divided by 7 - (46/69 - 136/24).
9
Let i = -41 + 81. What is the remainder when i is divided by 22/(-60) - (-1)/2 - 329594/(-22170)?
10
Let p(y) = -5*y**2 + 84*y - 325. Calculate the remainder when 537 is divided by p(8).
24
Suppose -j - 3*p + 321 = 0, 0 = 11*j - 12*j - 5*p + 331. Calculate the remainder when 329 is divided by j.
23
Suppose -29 + 11 = 3*m, 5*s - 2*m - 2622 = 0. What is the remainder when s is divided by 7?
4
Let f(z) = -z**2 + 6*z - 2. Let u be f(6). Suppose 1560*x + 1723*x - 816 = 3249*x. Calculate the remainder when (1 + u)*(-69)/1 is divided by x.
21
Let h(j) = -120*j + 11408. Let a be (6/(-4) + 0)*-2. Suppose -q + 8 = -4*c - 87, -a*q = 3*c - 225. Calculate the remainder when q is divided by h(95).
7
Suppose 496*j + 7044 = 2*g + 500*j, 0 = 5*g + 3*j - 17631. What is the remainder when g is divided by 11?
8
Let a(f) = 26*f + 6. Let l(j) = -j**2 - 6*j + 68. Calculate the remainder when a(1) is divided by l(-11).
6
Suppose 95739 = 418*l + 569*l. Let t = 4 - -6. Calculate the remainder when l is divided by t.
7
Suppose -5*x = -3*w + 15, -w - 1 + 6 = 2*x. Suppose -3*i + 3*j = -21, -22 = -3*i - j - w. Let m = -8447 - -8457. What is the remainder when m is divided by i?
4
Suppose 35 + 87 = 2*u. Suppose 3*t = 4*i + 1, -4*i = -2*t - 2*i. Let n(c) = 11*c**2 - 4*c - 2. Calculate the remainder when u is divided by n(t).
9
Let s = 25 - 21. Suppose 282 = -s*o + 7*o. What is the remainder when o is divided by 5 + (12 - 0) + -5?
10
Let m be 5 - (-4)/12*-15. Suppose -2*a + 19 + 39 = m. Calculate the remainder when a is divided by 10.
9
Let s = -41 - -41. Suppose -1 - 2 = 2*o - t, -2*o - 5*t + 15 = s. Suppose o*m = 3*m - 207. Calculate the remainder when m is divided by 18.
15
Let j = -1 - -5. Suppose -4*b + 229 = 3*r, -j*r + 209 = -r - b. Let o = -445190 - -445205. Calculate the remainder when r is divided by o.
11
Let v(y) = -4*y - 1. Suppose 0 = 2*p + 4, 4*c + 21 = -c + 2*p. Suppose -2*h + 162 = 3*r, 0*r + 2*r = 4*h + 108. What is the remainder when r is divided by v(c)?
16
Let j(b) = 56*b - 4392. Calculate the remainder when 114 is divided by j(79).
18
Suppose 5*i - i + 200 = 0. What is the remainder when 1016/10 + (-2)/(-5) is divided by i + 45 - (1 - 27)?
18
Suppose 0*p = 2*p + 36. Let i be 6/4*2 - p. What is the remainder when 35 is divided by (-16)/24 + i/18*16?
17
Let h = -31 + 44. Suppose 0*i - i = -h. Let q(w) = 13*w**2 + 1138*w - 2282. What is the remainder when q(2) is divided by i?
7
Suppose 131 + 29 = z + 19*z. Calculate the remainder when 508 is divided by z.
4
Let u = -165 - -117. Let i = 163 + u. Suppose -i = -2*c - w + 64, -154 = -2*c + 4*w. Calculate the remainder when c is divided by 30.
27
Let k(w) = -w**2 - 17*w - 32. Let u = 755 + -760. Calculate the remainder when 133 is divided by k(u).
21
Let k be (-20)/6*(14 - 228/15). Suppose 3*u - k*i = 395, i - 8 + 10 = 0. Calculate the remainder when u is divided by 10.
9
Suppose 2*i - 5*n = 2849, i - 3*n - 2*n = 1417. Let o be -130 + 131 - 1/(3/(-30)). Suppose 0 = o*a - i - 262. What is the remainder when a is divided by 52?
50
Let l = 295 - 190. Calculate the remainder when 77 is divided by (-30)/l - (-186)/14.
12
Let z = -53 - -55. Suppose -z*s = 10 - 48. What is the remainder when s is divided by 7?
5
Let n(c) = 3*c**2 - 2*c - 2. Suppose -5*f - 29 = w, 2*w + 4*f + 11 = -77. Let b = 51 + w. What is the remainder when n(b) is divided by 17?
14
Suppose 19*o - 4732 = 12*o. Suppose -4*i + 332 = -5*c, -5*i = 2*c - o + 228. Let q = 26 + i. Calculate the remainder when q is divided by 23.
22
Let d(g) = 25*g**3 - 75*g**2 - 17*g + 60. Suppose -245 = -3*q + 211. What is the remainder when q is divided by d(3)?
8
Suppose -63*x = -56*x - 42. Suppose 5*k = 4*u - x*u + 102, -u + 37 = -k. What is the remainder when u is divided by 22?
19
Let x be ((-3)/(-1))/((-14)/((-252)/(-27))). Calculate the remainder when 112 is divided by -2*(15/(-2) + x).
17
Let m = -4093 - -4559. Calculate the remainder when m is divided by 48.
34
Let z = -5422 - -5655. Calculate the remainder when z is divided by 116.
1
Let s(g) = g + 21. Let u = 1779 + -1654. What is the remainder when u is divided by s(-5)?
13
Suppose 0 = 5*q - 2*q + p - 202, 0 = -4*q - 5*p + 273. Let r(j) = 5*j + 77. Let g be r(-19). What is the remainder when q is divided by -2*(g/4 + 7 + -11)?
16
Suppose 4*w - 4*a - 3740 = 0, -5*w + 70*a + 4669 = 71*a. What is the remainder when w is divided by 59?
49
Suppose 0 = 3*g + 3*f - 126, -3*g = -0*g + 4*f - 128. Suppose -c = -5*y - 57, -3*y - 43 = 43*c - 44*c. What is the remainder when g is divided by c?
18
Let g = 1372 + 785. Calculate the remainder when g is divided by 45.
42
Let j = 38206 + -37812. Calculate the remainder when j is divided by 140.
114
Let u = 15 + 5. Let s = 19 - 17. Suppose -3*o = -s*g + 13, 2*g - 2*o - 3 = 9. Calculate the remainder when u is divided by g.
0
Let s(l) = -409*l + 909. What is the remainder when 317 is divided by s(2)?
44
Let m = -447 + 782. Suppose 130 + 52 = 7*n. Calculate the remainder when m is divided by n.
23
Let n be (-2 + 6 + 0)/((-6)/(-276)). What is the remainder when n + 6*(-16)/24 is divided by 61?
58
Let x = 65 + -63. Let s be -1 + (-2)/x + (6 - 1). Suppose y - 20 = -s*y. What is the remainder when 11 is divided by y?
1
Suppose 6*p = 4*p - 5*i + 52, 0 = 4*p + 4*i - 92. Let m = 14 - 17. Let t(n) = -n**3 + 2*n**2 + n - 2. Calculate the remainder when t(m) is divided by p.
19
Let n(m) = 6*m - 52. Let c be n(21). Suppose 0 = 4*s - c + 2. Let r = 6 - -4. What is the remainder when s is divided by r?
8
What is the remainder when 1034 is divided by 1/((-12)/(-2)) + (7310/60 - 4)?
90
Let s(t) = -41*t**2 + t. Let r be s